 41*t - 225. Calculate g(-9).
-1719
Let n(q) = -121462*q - 4129718. Calculate n(-34).
-10
Let m(w) = -800*w + 374336. Determine m(468).
-64
Let x(d) = -d**3 + 81*d**2 + 75*d + 579. Determine x(82).
5
Let d(y) = -67*y**2 - 1800*y - 303. Determine d(-29).
-4450
Let v(d) = -2*d**3 + 706*d**2 + 716*d - 2854. Determine v(354).
-22
Let o(d) = 2*d**3 + 12*d**2 - 53*d - 403. What is o(-8)?
-235
Let u(h) = h**2 + 3958*h + 2483634. Give u(-782).
2
Let q(z) = 29*z**2 + 571*z + 6419. Calculate q(-12).
3743
Let c(r) = -2700*r + 13370. Give c(5).
-130
Let g(c) = 11*c**2 + 525*c - 6348. Calculate g(10).
2
Let j(d) = 4863*d + 345291. Calculate j(-71).
18
Let h(l) = -102*l**2 + 1458*l - 2902. Calculate h(2).
-394
Let x(b) = -3*b**2 + 1594*b - 11122. Calculate x(7).
-111
Let w(p) = -7*p**2 + 5958*p - 211677. Calculate w(814).
-37
Let j(v) = 97867*v + 685089. Determine j(-7).
20
Let m(a) = 7*a**3 + 266*a**2 + 21*a + 665. What is m(-38)?
-133
Let b(j) = j**3 + 36*j**2 + 1282*j + 46171. What is b(-36)?
19
Let z(n) = -3*n**3 - 28*n**2 - 56*n - 165. Determine z(-8).
27
Let m(w) = -11*w**2 + 1471*w + 34191. Calculate m(154).
-151
Let a(x) = -x**3 + 24*x**2 - 12*x - 59. Give a(7).
690
Let l(g) = 1265*g**2 - 185*g + 2. Determine l(-1).
1452
Let c(w) = 2*w**3 + 390*w**2 - 946*w - 30981. Give c(-197).
145
Let x(d) = -2*d**3 + 39*d**2 + 3*d + 88. What is x(17)?
1584
Let q(y) = -17290*y - 276619. Calculate q(-16).
21
Let x(h) = -666*h + 4574. Determine x(7).
-88
Let u(v) = 781134*v - 2343393. Calculate u(3).
9
Let f(x) = -12033*x - 1504133. Give f(-125).
-8
Let b(n) = 531234*n - 2656259. Give b(5).
-89
Let n(c) = -c**2 + 59719*c + 1852231. Calculate n(-31).
-19
Let n(m) = -523*m**2 + 1510*m + 5515. Determine n(5).
-10
Let o(l) = -4*l**3 - 807*l**2 + 186112*l + 336. Give o(-339).
-3
Let r(u) = 2*u**2 - 3691*u + 1482752. Give r(591).
-67
Let c(p) = 4*p**3 + 470*p**2 + 1579*p - 1669. Calculate c(-114).
269
Let v(q) = 3*q**2 + 602*q + 527. Give v(-202).
1335
Let h(v) = v**2 - 1462*v - 29585. Determine h(-20).
55
Let g(t) = 21718*t + 738744. Determine g(-34).
332
Let l(s) = 1297*s - 372223. What is l(287)?
16
Let q(n) = n**2 - 135*n - 944. Calculate q(141).
-98
Let w(l) = 119*l + 1703. What is w(-27)?
-1510
Let l(d) = 924*d - 44472. Calculate l(48).
-120
Let x(u) = -101837*u + 814689. Determine x(8).
-7
Let w(d) = 2698*d + 183436. Give w(-68).
-28
Let c(t) = t**3 + 28*t**2 - 159*t + 193. Give c(-33).
-5
Let j(p) = 4*p**3 + 216*p**2 + 61*p + 3342. Determine j(-54).
48
Let j(f) = -6*f**3 + 185*f + 985. Give j(-5).
810
Let a(t) = 26037*t - 53084. Determine a(2).
-1010
Let d(b) = 6256*b - 10762. What is d(2)?
1750
Let c(b) = -22*b**3 + 131*b**2 - 284*b + 1720. What is c(6)?
-20
Let f(w) = 141*w - 836. Give f(6).
10
Let o(u) = u**3 - 114*u**2 - 127*u + 51. Give o(115).
-1329
Let z(c) = 14*c**2 + 126*c + 782. What is z(-7)?
586
Let m(c) = 1845*c + 568268. Determine m(-308).
8
Let r(s) = -61*s**2 - 8174*s - 350. Give r(-134).
-350
Let q(i) = 4*i**2 - 54370*i - 598550. Give q(-11).
4
Let f(d) = 2*d**3 - 141*d**2 + 253*d - 3226. Give f(69).
-52
Let n(g) = g**3 - 22*g**2 + 69*g - 271. What is n(15)?
-811
Let p(c) = 17256*c + 5694485. What is p(-330)?
5
Let o(x) = -x**3 + 55*x**2 + 101*x + 3083. Calculate o(58).
-1151
Let j(l) = -313*l**2 - 3320*l + 1267. Give j(-11).
-86
Let j(t) = -877*t + 7199. What is j(9)?
-694
Let z(k) = 425*k - 75249. Determine z(180).
1251
Let b(d) = -6*d**3 - 20*d**2 + 41*d - 9. Determine b(3).
-228
Let j(t) = t**2 - 4652*t - 187678. Determine j(-40).
2
Let y(m) = 3*m**3 + 1626*m**2 - 263*m - 142539. Determine y(-542).
7
Let d(t) = -5*t**2 + 230*t - 992. Calculate d(4).
-152
Let w(i) = i**2 - 11505*i - 1878256. Calculate w(-161).
-30
Let x(g) = -15661*g - 1722639. What is x(-110)?
71
Let z(o) = -3*o**3 - 1387*o**2 + 10816*o + 2762. Determine z(-470).
-58
Let p(w) = -539*w - 5798. Determine p(-11).
131
Let j(r) = 3306*r - 11. What is j(0)?
-11
Let p(i) = 18766*i + 18785. Determine p(-1).
19
Let y(k) = -7*k**3 - 3*k**2 - 56*k + 372. What is y(3)?
-12
Let y(w) = 33*w - 2893. What is y(57)?
-1012
Let w(h) = -94152*h + 3671937. Give w(39).
9
Let c(q) = -29*q**3 - 256*q**2 + 41*q + 46. Calculate c(-9).
82
Let i(b) = -1413*b + 285372. Give i(202).
-54
Let g(n) = -2*n**3 + 23*n**2 + 71799*n - 789907. Calculate g(11).
3
Let v(n) = -n**3 - 43*n**2 - 569*n - 2514. Give v(-23).
-7
Let u(t) = 2*t**2 + 215*t + 6054. Calculate u(-35).
979
Let t(c) = -c**3 + 61*c**2 - 776*c + 1137. Calculate t(44).
-95
Let b(y) = -4*y**2 - 91*y + 5399. What is b(-47)?
840
Let z(u) = 4*u**3 + 19*u**2 + 20*u - 23. Calculate z(-6).
-323
Let c(y) = -7600*y - 83686. Calculate c(-11).
-86
Let k(b) = b**2 - 426*b + 14741. Give k(33).
1772
Let z(p) = 2*p**3 - 25*p**2 - 5*p - 487. What is z(17)?
2029
Let z(j) = 19*j**2 + 7187*j - 159304. Determine z(21).
2
Let w(l) = -l**2 + 102*l - 2304. Calculate w(34).
8
Let o(q) = 27*q + 2957. Calculate o(-98).
311
Let c(f) = 146*f + 20538. Determine c(-142).
-194
Let i(x) = -2*x**3 - 1089*x**2 - 11204*x + 5344. Determine i(-534).
4
Let v(g) = -g**3 + 13*g**2 - 398*g + 4144. Determine v(10).
464
Let w(h) = -6*h**3 + 23*h**2 + 20*h - 52. What is w(2)?
32
Let p(y) = -6910*y + 525104. Determine p(76).
-56
Let p(h) = 279*h - 27531. What is p(92)?
-1863
Let o(j) = 82636*j - 495799. Give o(6).
17
Let t(w) = -6*w**3 - 3*w**2 - 41*w + 120. Give t(3).
-192
Let z(u) = 82653*u - 495302. Calculate z(6).
616
Let s(k) = -48*k**2 + 97*k + 762. What is s(-8)?
-3086
Let w(z) = -27370*z - 574723. What is w(-21)?
47
Let q(j) = -j**3 + 66*j**2 + 161*j + 386. Calculate q(70).
-7944
Let x(o) = -60*o**2 - 797*o + 11. What is x(-14)?
-591
Let l(s) = -3*s**3 + 151*s**2 + 33*s + 3506. Calculate l(51).
-13
Let h(m) = -m**3 + 42*m**2 + 459*m - 18336. Calculate h(43).
-448
Let i(h) = 2*h**2 + 392*h - 563. Calculate i(0).
-563
Let b(s) = -300036*s - 33904064. Calculate b(-113).
4
Let w(s) = 17*s**2 + 3237*s + 1311. Give w(-190).
-19
Let g(u) = -2*u**3 - 55*u**2 - 55*u + 156. Determine g(-26).
-442
Let o(y) = 63*y**2 - 71*y + 72. What is o(1)?
64
Let k(g) = 3175*g + 161935. Calculate k(-51).
10
Let x(s) = 40*s + 1092. What is x(22)?
1972
Let r(z) = 9047*z + 289563. What is r(-32)?
59
Let o(y) = 2*y**3 + 114*y**2 - 569*y + 328. Calculate o(4).
4
Let o(l) = -4*l**2 + 3961*l - 50813. Determine o(13).
4
Let l(p) = 2*p**3 - 135*p**2 + 19*p - 5918. Determine l(68).
-2
Let m(x) = 4175*x - 78997. Give m(19).
328
Let p(t) = 3*t**3 - 1826*t**2 - 15436*t + 6788. Give p(617).
1
Let w(l) = 54138*l**2 - 162418*l + 15. Give w(3).
3
Let b(y) = -2358*y**2 + 160335*y + 614. Give b(68).
2
Let p(b) = -453*b - 44768. What is p(-99)?
79
Let n(u) = 2*u**2 + 393*u - 3488. What is n(-205)?
-3
Let t(l) = -1715*l + 443979. What is t(259)?
-206
Let a(w) = 1125*w + 5882. Determine a(-5).
257
Let n(z) = -603*z**2 - 965*z + 4. Give n(-3).
-2528
Let x(l) = l**3 - 288*l**2 - 1137*l - 4044. Determine x(292).
5008
Let a(v) = 3022*v - 6242. Calculate a(2).
-198
Let j(t) = -12*t**2 + 230*t + 33121. Calculate j(63).
-17
Let w(r) = -722*r - 2221. Give w(-2).
-777
Let o(v) = -v**3 + 90*v**2 - 56*v + 22050. Calculate o(92).
-30
Let n(q) = q**3 - 20*q**2 + 28*q + 489. Calculate n(17).
98
Let n(t) = t**3 + 32*t**2 + 149*t + 100. Determine n(-16).
1812
Let b(f) = 189*f + 33740. Give b(-182).
-658
Let k(o) = o**3 + o**2 + 7*o + 185. Calculate k(-7).
-158
Let n(i) = 4099*i + 122972. Determine n(-30).
2
Let q(u) = u**2 - 8450*u - 829043. Calculate q(-97).
16
Let s(v) = -280*v**2 + 2443*v - 1694. Determine s(8).
-70
Let g(w) = -2*w**3 + 5*w**2 - 142*w + 1201. Calculate g(0).
1201
Let q(t) = -16*t**3 + 1817*t**2 - 1033*t + 1814. Give q(113).
6
Let r(y) = 9566*y + 1358393. Give r(-142).
21
Let k(v) = 38*v**2 - 216*v - 652. Give k(8).
52
Let t(y) = 436*y**2 - 19621*y - 38. Determine t(45).
-83
Let s(h) = 3*h**3 - 26*h**2 + 23*h + 3. Give s(8).
59
Let c(j) = 77959*j + 77962. What is c(-1)?
3
Let k(j) = j**2 + 1281985*j - 8973925. What is k(7)?
19
Let x(s) = -39*s**2 + 12354*s - 60795. Calculate x(5).
0
Let p(g) = -12583*g - 201429. Determine p(-16).
-101
Let k(p) = 97*p**2 + 371*p - 199. Determine k(-4).
-131
Let m(p) = -1451*p + 13078. Give m(9).
19
Let f(w) = 15*w**3 - 64*w**2 + 3*w - 469. Determine f(0).
-469
Let j(z) = 120*z**3 + 933*z + 9